91 is divided by 132?
27
Calculate the remainder when 215 is divided by 108.
107
Calculate the remainder when 186 is divided by 43.
14
Calculate the remainder when 729 is divided by 37.
26
Calculate the remainder when 626 is divided by 19.
18
Calculate the remainder when 36 is divided by 24.
12
What is the remainder when 8775 is divided by 244?
235
Calculate the remainder when 1090 is divided by 431.
228
Calculate the remainder when 432 is divided by 210.
12
What is the remainder when 789 is divided by 44?
41
What is the remainder when 1042 is divided by 1041?
1
Calculate the remainder when 624 is divided by 161.
141
What is the remainder when 234 is divided by 40?
34
What is the remainder when 2686 is divided by 12?
10
Calculate the remainder when 33 is divided by 6.
3
What is the remainder when 133 is divided by 47?
39
What is the remainder when 186 is divided by 158?
28
What is the remainder when 26099 is divided by 174?
173
What is the remainder when 404 is divided by 140?
124
Calculate the remainder when 25 is divided by 22.
3
Calculate the remainder when 836 is divided by 329.
178
What is the remainder when 1291 is divided by 263?
239
What is the remainder when 367 is divided by 116?
19
What is the remainder when 139 is divided by 35?
34
Calculate the remainder when 513 is divided by 74.
69
What is the remainder when 290 is divided by 60?
50
What is the remainder when 449 is divided by 11?
9
What is the remainder when 1277 is divided by 48?
29
Calculate the remainder when 1514 is divided by 500.
14
Calculate the remainder when 1780 is divided by 35.
30
What is the remainder when 4991 is divided by 24?
23
What is the remainder when 618 is divided by 9?
6
What is the remainder when 179 is divided by 10?
9
Calculate the remainder when 579 is divided by 39.
33
What is the remainder when 224 is divided by 46?
40
Calculate the remainder when 100 is divided by 7.
2
What is the remainder when 572 is divided by 5?
2
What is the remainder when 101 is divided by 87?
14
What is the remainder when 791 is divided by 8?
7
What is the remainder when 44 is divided by 21?
2
What is the remainder when 814 is divided by 117?
112
Calculate the remainder when 276 is divided by 138.
0
What is the remainder when 100 is divided by 37?
26
Calculate the remainder when 227 is divided by 94.
39
What is the remainder when 784 is divided by 35?
14
Calculate the remainder when 329 is divided by 42.
35
What is the remainder when 290 is divided by 174?
116
Calculate the remainder when 1745 is divided by 193.
8
Calculate the remainder when 464 is divided by 47.
41
Calculate the remainder when 1788 is divided by 39.
33
What is the remainder when 2412 is divided by 69?
66
Calculate the remainder when 633 is divided by 15.
3
What is the remainder when 9096 is divided by 20?
16
Calculate the remainder when 787 is divided by 132.
127
Calculate the remainder when 407 is divided by 24.
23
Calculate the remainder when 336 is divided by 3.
0
Calculate the remainder when 2100 is divided by 192.
180
Calculate the remainder when 4290 is divided by 9.
6
What is the remainder when 409 is divided by 23?
18
What is the remainder when 389 is divided by 85?
49
Calculate the remainder when 55 is divided by 2.
1
Calculate the remainder when 2497 is divided by 147.
145
Calculate the remainder when 574 is divided by 3.
1
Calculate the remainder when 215 is divided by 120.
95
Calculate the remainder when 1273 is divided by 186.
157
Calculate the remainder when 4262 is divided by 61.
53
What is the remainder when 110 is divided by 3?
2
What is the remainder when 98 is divided by 31?
5
What is the remainder when 1980 is divided by 52?
4
Calculate the remainder when 2152 is divided by 72.
64
What is the remainder when 404 is divided by 29?
27
Calculate the remainder when 18 is divided by 15.
3
What is the remainder when 109 is divided by 29?
22
What is the remainder when 354 is divided by 181?
173
What is the remainder when 1913 is divided by 11?
10
Calculate the remainder when 2312 is divided by 384.
8
What is the remainder when 126 is divided by 118?
8
Calculate the remainder when 174 is divided by 45.
39
Calculate the remainder when 505 is divided by 16.
9
What is the remainder when 365 is divided by 9?
5
What is the remainder when 170 is divided by 36?
26
Calculate the remainder when 2088 is divided by 438.
336
Calculate the remainder when 1524 is divided by 154.
138
Calculate the remainder when 6072 is divided by 243.
240
What is the remainder when 282 is divided by 66?
18
What is the remainder when 509 is divided by 148?
65
Calculate the remainder when 1066 is divided by 275.
241
Calculate the remainder when 7768 is divided by 3877.
14
What is the remainder when 2402 is divided by 185?
182
What is the remainder when 1179 is divided by 118?
117
What is the remainder when 3165 is divided by 32?
29
Calculate the remainder when 421 is divided by 104.
5
What is the remainder when 40 is divided by 29?
11
Calculate the remainder when 91 is divided by 65.
26
What is the remainder when 592 is divided by 119?
116
What is the remainder when 19 is divided by 8?
3
Calculate the remainder when 2175 is divided by 16.
15
What is the remainder when 6222 is divided by 11?
7
Calculate the remainder when 133 is divided by 25.
8
Calculate the remainder when 215 is divided by 94.
27
What is the remainder when 183 is divided by 176?
7
What is the remainder when 315 is divided by 67?
47
Calculate the remainder when 64 is divided by 5.
4
Calculate the remainder when 2440 is divided by 47.
43
What is the remainder when 667 is divided by 31?
16
What is the remainder when 638 is divided by 127?
3
Calculate the remainder when 196 is divided by 88.
20
Calculate the remainder when 782 is divided by 98.
96
Calculate the remainder when 1072 is divided by 120.
112
What is the remainder when 2301 is divided by 462?
453
What is the remainder when 219 is divided by 37?
34
Calculate the remainder when 84 is divided by 6.
0
What is the remainder when 1487 is divided by 145?
37
What is the remainder when 283 is divided by 262?
21
What is the remainder when 1351 is divided by 123?
121
Calculate the remainder when 1803 is divided by 129.
126
Calculate the remainder when 457 is divided by 51.
49
Calculate the remainder when 103 is divided by 27.
22
What is the remainder when 916 is divided by 66?
58
Calculate the remainder when 391 is divided by 84.
55
What is the remainder when 778 is divided by 65?
63
What is the remainder when 6017 is divided by 6?
5
Calculate the remainder when 14471 is divided by 193.
189
What is the remainder when 493 is divided by 179?
135
What is the remainder when 131 is divided by 52?
27
What is the remainder when 165 is divided by 58?
49
What is the remainder when 2459 is divided by 85?
79
Calculate the remainder when 7007 is divided by 9.
5
Calculate the remainder when 810 is divided by 123.
72
What is the remainder when 746 is divided by 138?
56
Calculate the remainder when 1359 is divided by 35.
29
What is the remainder when 654 is divided by 55?
49
What is the remainder when 552 is divided by 39?
6
What is the remainder when 121 is divided by 16?
9
Calculate the remainder when 1118 is divided by 129.
86
What is the remainder when 444 is divided by 78?
54
What is the remainder when 66 is divided by 59?
7
Calculate the remainder when 5399 is divided by 60.
59
Calculate the remainder when 1356 is divided by 68.
64
What is the remainder when 415 is divided by 52?
51
Calculate the remainder when 165 is divided by 19.
13
What is the remainder when 33 is divided by 22?
11
Calculate the remainder when 374 is divided by 179.
16
Calculate the remainder when 239 is divided by 125.
114
Calculate the remainder when 286 is divided by 18.
16
What is the remainder when 3952 is divided by 232?
8
Calculate the remainder when 7 is divided by 7.
0
Calculate the remainder when 106 is divided by 9.
7
Calculate the remainder when 663 is divided by 109.
9
Calculate the remainder when 523 is divided by 218.
87
What is the remainder when 130 is divided by 103?
27
What is the remainder when 23 is divided by 6?
5
Calculate the remainder when 1604 is divided by 15.
14
Calculate the remainder when 122 is divided by 51.
20
Calc